35 - 24730. Suppose -l = -10*v - 11*v. What are the prime factors of v?
3, 5, 67
Suppose 2*c + w + 7 = 4*c, 4*w = 3*c + 2. Let u be 134 + ((-4)/c)/((-8)/24). Suppose 4*t = 2*z - u, t - 212 = -3*z - t. List the prime factors of z.
2, 5, 7
Let x be 28*2/8 + -4. Suppose -k + 2*j + 121 + 158 = 0, 0 = x*k + j - 844. What are the prime factors of k?
281
Let d be (-8)/4 - -21*2. Let j = 45 - d. Suppose 5*z = 10, z - j*z = 4*q - 108. List the prime factors of q.
5
Let w = 3 - -5. Suppose -w*n = -2294 - 1058. What are the prime factors of n?
419
List the prime factors of (-136)/(-374) + 137529/11.
12503
Let i = -2555 - -16614. What are the prime factors of i?
17, 827
Let y be ((-6)/4)/((0 + 3)/6). Let r be (5/(-12)*y)/(4/(-32)). Let q(k) = 2*k**2 + 17*k - 16. What are the prime factors of q(r)?
2, 7
Suppose -903 = -5*h + 277. Suppose 4*i - 232 = z + z, -4*i + h = -4*z. Let r = i + 45. What are the prime factors of r?
2, 3, 17
Let l(f) = -49*f**3 - 1. Let x be l(-1). Suppose -4*w - 4*k + 1208 = 0, -1160*k + 1161*k = 3*w - 890. What are the prime factors of (x/(-14))/(7 - w/42)?
2, 3
Suppose 7*n - 40*n = -113520. Suppose 4*x + 2*t - n = 0, 3*t - 820 - 900 = -2*x. What are the prime factors of x?
2, 5, 43
Suppose -4*v = -j + 10 + 10, -v = 5*j + 5. Let w be (-2)/((-21)/(-4) + v). What are the prime factors of (12/w)/((-15)/2000)?
2, 5
Suppose f - 2042 = -5*d, 0 = -4*f + 3*d + 7190 + 932. List the prime factors of f.
2, 127
Suppose 0*i - 30 = 15*i. What are the prime factors of (30 - 26)/(i/(-71))?
2, 71
Let n(o) = o**2 - 5*o - 11. Let v be n(-13). Suppose -4*s + 346 + v = -p, -3*s = -p - 428. What are the prime factors of s?
3, 47
What are the prime factors of ((-868)/(-31))/((-8)/(-8926))?
7, 4463
Suppose 0*q - 330 = -3*q. Let f = q - -167. What are the prime factors of f?
277
Let c be (5 + (-44)/12)*33/2. Suppose -c*s - 20 = -27*s. Suppose -s*z + 542 = 2*d, 0 = -2*z - 2*z + 5*d + 549. What are the prime factors of z?
2, 17
Suppose -4*k = 4, 2*b - 4*k = 6596 + 6328. What are the prime factors of b?
2, 5, 17, 19
Suppose 22*n = 18*n + 2*a + 482, -5*a = 2*n - 247. Suppose n*k = 118*k + 747. List the prime factors of k.
3, 83
Suppose -6929 - 11931 = -10*i. Let d = i + -767. List the prime factors of d.
3, 373
Suppose 5*t = -5*l - 1790, -2*l + 6*l + 1432 = 2*t. Let n = 267 - l. What are the prime factors of n?
5
Suppose -148278 - 52366 = -17*m + 177147. What are the prime factors of m?
71, 313
Let r = -189 + 178. Let f(n) = -103*n - 2. What are the prime factors of f(r)?
3, 13, 29
Let b = 506 + 782. Suppose -b = -3*c + s, 7*s - 3*s = 8. List the prime factors of c.
2, 5, 43
List the prime factors of (-112)/280 - 1*25372/(-5).
2, 43, 59
Let c(p) = -21 + 2*p - 20*p + 49 + 37. What are the prime factors of c(-19)?
11, 37
Let r = 586 + 1066. What are the prime factors of r?
2, 7, 59
Suppose 39*m + 140709 = 584529. What are the prime factors of m?
2, 5, 569
Let b(l) = -l. Let c be b(-3). Suppose 26 = c*h + 14. Suppose 2*z + 2*z = 5*s - 156, 3*s - 68 = -h*z. List the prime factors of s.
2, 7
Let v = 4 - -6. Let a = -9 + v. What are the prime factors of a/(-4)*-1 - (-3771)/36?
3, 5, 7
Suppose 46503 = 18*j - 113657 - 38686. What are the prime factors of j?
11047
Suppose 16*b + 7 = 17*b. Let z(l) = 39*l - 43. List the prime factors of z(b).
2, 5, 23
Suppose -f = 3*s - 21279, -28358 = -4*s + 63*f - 62*f. What are the prime factors of s?
7, 1013
Let y = -18 - -26. Suppose 4 - 25 = -7*f. List the prime factors of -101*f*y/(-24).
101
Let r be 8 + (4/2 + -3 - 0). Suppose -24*t - 2040 = -r*t. What are the prime factors of 1/8 - t/64 - -76?
2, 3, 13
Suppose 0 = -2*v + 9*v - 28. List the prime factors of -4*v/24*-717.
2, 239
Let x(m) = 5*m - 29*m + 18*m - 39. Let a be x(-7). Suppose -3*t = a*o - 342, 4*t + 0*o - 456 = -5*o. List the prime factors of t.
2, 3, 19
Let w(f) = -4*f**2 - 2. Let t(k) = -k. Let z be t(-6). Let y be w(z). Let n = -82 - y. List the prime factors of n.
2
Suppose 4*q - 6*k = -4*k + 158592, -8 = -2*k. What are the prime factors of q?
2, 5, 13, 61
Let l be (-2)/(-16) - 1916/(-32). Let n = l + -93. Let g = -7 - n. List the prime factors of g.
2, 13
Let h = 2132 - 3073. Let w = 1406 + h. List the prime factors of w.
3, 5, 31
Suppose -26*c = -57*c + 12*c + 500726. List the prime factors of c.
2, 13177
Suppose -2*f - 7*q + 4*q + 15 = 0, f = -3*q + 9. Suppose -f*i = i. Suppose i = -64*c + 63*c + 186. What are the prime factors of c?
2, 3, 31
What are the prime factors of 10*409*(-67)/(-335)?
2, 409
Let b(v) = v**2 + 2*v + 5. Let i be b(-7). Let a = i - 6. Suppose -5*k + a = 3*d, -d + 2*k = 4*d - 67. List the prime factors of d.
13
List the prime factors of (18645/(-1130) - (-16 + 1))*(-76246)/3.
67, 569
Let z be (-5 - (-2 - 0)) + 30/2. Let n(b) = 2*b + 29. Let x be n(z). Suppose 4*l - 173 = -x. What are the prime factors of l?
2, 3, 5
Let x(g) = -g**2 + 131*g + 58. What are the prime factors of x(111)?
2, 17, 67
Let r(g) = 18*g - 156. Let a be r(27). Let s = 8 - -9. Suppose 12*j + a = s*j. List the prime factors of j.
2, 3, 11
Let p(q) = q**3 + 25*q**2 - 9*q + 90. Let m be p(-21). Suppose -9*c + m + 1908 = 0. List the prime factors of c.
439
Let o be 2/36*4 + 22/(-99). Suppose -m - 9*m + 2760 = o. List the prime factors of m.
2, 3, 23
Suppose 48*v = 12*u + 43*v - 292635, u + v = 24382. List the prime factors of u.
5, 4877
Let i = -23705 - -35329. What are the prime factors of i?
2, 1453
Let g = 2297 + -783. List the prime factors of g.
2, 757
Let d(z) = 2383*z**2 - 151*z - 646. What are the prime factors of d(-4)?
2, 137, 139
Let i(l) = -l**2 - 31*l + 33. Let g be i(-32). What are the prime factors of g/(1/576)*15/15?
2, 3
Suppose -7*a + 3662 - 624 = 0. Let l = a - 134. What are the prime factors of l?
2, 3, 5
Let d be 3 + -5 - 2523 - -5. Let w be 220/100 - 2/10. What are the prime factors of (w/3)/(5*(-4)/d)?
2, 3, 7
Suppose -5572 = -2*k - 3*o, -3*o = 5*k - 2*k - 8358. List the prime factors of k.
2, 7, 199
Let k = -4851 - -47123. List the prime factors of k.
2, 1321
Let a(n) = -4*n**3 + 2 + 6*n - 18*n**2 + 5*n**3 - 27. Let w(g) = 4*g**3 - 73*g**2 + 25*g - 101. Let b(s) = 9*a(s) - 2*w(s). What are the prime factors of b(16)?
41
Suppose n - 4 + 0 = 0. Suppose n*z - 15 = -3. Suppose -8*h - 15 = -z*h, 2*p - 121 = -3*h. List the prime factors of p.
5, 13
Let y be 377/117 - (-2)/(-9). Let g be (-635)/10*(-18)/y. Let p = g + -195. List the prime factors of p.
2, 3, 31
Let u(q) = 4781*q - 2737. What are the prime factors of u(5)?
2, 3, 7
Let k(b) be the second derivative of -13*b**3/3 - 25*b**2/2 - 13*b. Let w be k(-4). Suppose 0 = 2*z + w - 601. List the prime factors of z.
3, 29
Suppose -21*k - 8*k = -145. Suppose k*w = 3*w + 5*i + 2347, -2*i - 3526 = -3*w. List the prime factors of w.
2, 3, 7
Let z(q) = -q**3 - 83*q**2 + 171*q + 104. What are the prime factors of z(-87)?
37, 419
Suppose l - 29 + 6 = 5*b, -2*l + 4*b = -28. Suppose 5*m - 5*x + l*x - 162 = 0, 2*m + 3*x - 72 = 0. Suppose -114 = -8*v + m. List the prime factors of v.
2, 3
Suppose f - 24 + 73 = 0. Let p = -50 - f. List the prime factors of (p - (-3)/1)*52.
2, 13
Let l = 13 - 25. Let x = l + 17. Suppose -3*t - x*w + 150 = -2*w, -238 = -5*t - 2*w. What are the prime factors of t?
2, 23
Let f(h) = -16*h**3 - 20*h**2 + 112*h - 8. List the prime factors of f(-14).
2, 4801
Let k be (150/8)/((-5)/20). Let t = k - -211. What are the prime factors of t?
2, 17
Let f be (-33)/(-12) - 27/36. Suppose -43*m + 41*m + 1276 = 2*q, f*m + q = 1275. What are the prime factors of m?
7, 13
Let y be (-4 - 92/(-5))*-50. Let z = -175 - y. What are the prime factors of z?
5, 109
Let t(h) = 10728*h + 7998. List the prime factors of t(5).
2, 3, 10273
Let a = 1635 + 5877. What are the prime factors of a?
2, 3, 313
Suppose 4*d + 64 = 4*k - 72, 3*d - 115 = -4*k. Let s = k + -30. List the prime factors of ((-98)/21)/(s/(-45)).
2, 3, 5, 7
Suppose -2*g + 5*h = -7, -2*h + 3*h + 23 = -5*g. Let n(s) = -s**3 - 4*s**2 + 4. Let r be n(g). Suppose r*o - 7*o + 204 = 0. What are the prime factors of o?
2, 17
Let u(t) = -4*t**3 + 2*t + 2. Let y be u(-1). What are the prime factors of -2 - ((-8518)/8 + (-1)/y)?
1063
Let a = -9 - -19. Suppose -13*r + 54 = -a*r. What are the prime factors of (-6*(-20)/r)/((-5)/(-45))?
2, 3, 5
Let c = -9681 - -19